hat is the millions digit of 74718554?
4
What is the units digit of 494919510?
0
What is the units digit of 38585223?
3
What is the thousands digit of 42318680?
8
What is the units digit of 38322086?
6
What is the units digit of 396006264?
4
What is the hundred thousands digit of 421724165?
7
What is the hundred millions digit of 111604674?
1
What is the millions digit of 32390128?
2
What is the thousands digit of 356424464?
4
What is the units digit of 103962301?
1
What is the hundred thousands digit of 60597429?
5
What is the tens digit of 1047035855?
5
What is the ten millions digit of 39704104?
3
What is the ten millions digit of 230943787?
3
What is the hundred thousands digit of 1773870321?
8
What is the ten millions digit of 1128888180?
2
What is the hundred millions digit of 5343750170?
3
What is the tens digit of 1411674999?
9
What is the millions digit of 5354960?
5
What is the hundred millions digit of 105158839?
1
What is the hundred thousands digit of 2257013?
2
What is the hundred thousands digit of 673038752?
0
What is the thousands digit of 2087040571?
0
What is the ten thousands digit of 442193638?
9
What is the hundred millions digit of 3051685952?
0
What is the ten millions digit of 1003391105?
0
What is the hundreds digit of 29118321?
3
What is the hundred millions digit of 225544901?
2
What is the thousands digit of 17397999?
7
What is the ten thousands digit of 74195412?
9
What is the units digit of 244347422?
2
What is the thousands digit of 20680726?
0
What is the hundreds digit of 345187565?
5
What is the billions digit of 1563499566?
1
What is the ten thousands digit of 17897587?
9
What is the hundreds digit of 63446689?
6
What is the hundred thousands digit of 303157573?
1
What is the units digit of 40070719?
9
What is the millions digit of 49459536?
9
What is the hundreds digit of 1630165636?
6
What is the hundreds digit of 1256273349?
3
What is the millions digit of 98925626?
8
What is the tens digit of 50330322?
2
What is the ten millions digit of 4465736417?
6
What is the hundreds digit of 2748031860?
8
What is the ten thousands digit of 165427348?
2
What is the units digit of 63487568?
8
What is the hundred thousands digit of 811535742?
5
What is the hundreds digit of 349456823?
8
What is the units digit of 10474469?
9
What is the hundred thousands digit of 1609352545?
3
What is the thousands digit of 49565333?
5
What is the hundred thousands digit of 162214122?
2
What is the millions digit of 72257792?
2
What is the millions digit of 23928791?
3
What is the hundred thousands digit of 97737215?
7
What is the tens digit of 52096313?
1
What is the thousands digit of 390667298?
7
What is the ten thousands digit of 430335489?
3
What is the ten millions digit of 65346560?
6
What is the units digit of 788307152?
2
What is the ten thousands digit of 36863396?
6
What is the hundreds digit of 238229160?
1
What is the hundred millions digit of 148843620?
1
What is the ten thousands digit of 3565143161?
4
What is the ten thousands digit of 201633603?
3
What is the millions digit of 4029997434?
9
What is the units digit of 77073931?
1
What is the thousands digit of 38615886?
5
What is the hundreds digit of 709717596?
5
What is the ten millions digit of 751206031?
5
What is the units digit of 118205822?
2
What is the ten millions digit of 27390374?
2
What is the hundreds digit of 101674296?
2
What is the ten millions digit of 34796228?
3
What is the units digit of 27762390?
0
What is the units digit of 4141633010?
0
What is the millions digit of 128153044?
8
What is the units digit of 1126993052?
2
What is the hundreds digit of 2767216764?
7
What is the units digit of 1629463?
3
What is the hundred thousands digit of 703720120?
7
What is the hundred thousands digit of 39653866?
6
What is the ten millions digit of 2282705598?
8
What is the ten thousands digit of 4758005626?
0
What is the hundred thousands digit of 73474419?
4
What is the units digit of 654689073?
3
What is the tens digit of 7232920713?
1
What is the thousands digit of 2930228097?
8
What is the hundred thousands digit of 119422267?
4
What is the units digit of 3854153?
3
What is the ten thousands digit of 4196831644?
3
What is the hundred millions digit of 127308849?
1
What is the units digit of 165003463?
3
What is the ten thousands digit of 4154542569?
4
What is the units digit of 29916862?
2
What is the hundred millions digit of 533139683?
5
What is the tens digit of 349341306?
0
What is the thousands digit of 4123083889?
3
What is the units digit of 423251698?
8
What is the ten thousands digit of 53058779?
5
What is the hundreds digit of 130165812?
8
What is the ten thousands digit of 50995716?
9
What is the units digit of 8372275?
5
What is the thousands digit of 44286644?
6
What is the units digit of 280103364?
4
What is the ten millions digit of 995886991?
9
What is the hundreds digit of 2370517972?
9
What is the hundred thousands digit of 257826356?
8
What is the ten millions digit of 178141337?
7
What is the thousands digit of 536549428?
9
What is the thousands digit of 79065639?
5
What is the units digit of 163270149?
9
What is the thousands digit of 1267689058?
9
What is the units digit of 3039174036?
6
What is the hundred thousands digit of 194855706?
8
What is the tens digit of 342151471?
7
What is the hundred thousands digit of 16396640?
3
What is the ten millions digit of 531691904?
3
What is the tens digit of 228725329?
2
What is the hundreds digit of 430419770?
7
What is the millions digit of 76160743?
6
What is the millions digit of 641779423?
1
What is the hundreds digit of 872359754?
7
What is the millions digit of 3186230449?
6
What is the hundreds digit of 1582732478?
4
What is the hundreds digit of 86692428?
4
What is the units digit of 112832454?
4
What is the hundred millions digit of 123823228?
1
What is the millions digit of 50377597?
0
What is the hundred thousands digit of 201761549?
7
What is the ten thousands digit of 38264251?
6
What is the hundred millions digit of 268063304?
2
What is the tens digit of 930002962?
6
What is the millions digit of 1108066191?
8
What is the hundred thousands digit of 108288596?
2
What is the hundreds digit of 1333027539?
5
What is the hundred millions digit of 238282810?
2
What is the hundred thousands digit of 542050018?
0
What is the thousands digit of 2354119050?
9
What is the millions digit of 10781251?
0
What is the hundreds digit of 1185259857?
8
What is the tens digit of 1065127423?
2
What is the units digit of 1959518086?
6
What is the tens digit of 1903820289?
8
What is the ten thousands digit of 74725296?
2
What is the thousands digit of 106440595?
0
What is the millions digit of 2493766136?
3
What is the millions digit of 132982851?
2
What is the ten millions digit of 5332967948?
3
What is the ten millions digit of 42396923?
4
What is the ten thousands digit of 11394584?
9
What is the billions digit of 2059526632?
2
What is the thousands digit of 5293738?
3
What is the ten millions digit of 6264772455?
6
What is the thousands digit of 15129219?
9
What is the hundred thousands digit of 349749453?
7
What is the hundred thousands digit of 92253919?
2
What is the hundred millions digit of 237960948?
2
What is the ten millions digit of 1144253437?
4
What is the hundred thousands digit of 48004746?
0
What is the hundred thousands digit of 247857477?
8
What is the hundreds digit of 67187655?
6
What is the units digit of 678001413?
3
What is the tens digit of 3746242547?
4
What is the units digit of 475008686?
6
What is the tens digit of 30446937?
3
What is the hundred millions digit of 3535243518?
5
What is the hundred thousands digit of 248999395?
9
What is the hundreds digit of 439873034?
0
What is the hundreds digit of 2550531468?
4
What is the tens digit of 313934683?
8
What is the millions digit of 893425309?
3
What is the hundred thousands digit of 1033725821?
7
What is the units digit of 800373850?
0
What is the ten millions digit of 68070468?
6
What is the hundred millions digit of 312382229?
3
What is the hundreds digit of 1952554061?
0
What is the tens digit of 121283820?
2
What is the ten thousands digit of 40791005?
9
What is the thousands digit of 750714?
0
What is the hundre